{"id":19364,"date":"2013-10-07T10:44:09","date_gmt":"2013-10-07T08:44:09","guid":{"rendered":"http:\/\/www.zeus.aegee.org\/magazine\/wp-content\/uploads\/Pe\u00f1\u00f3n-de-IfachCalpe.jpg"},"modified":"2013-10-07T10:44:09","modified_gmt":"2013-10-07T08:44:09","slug":"penon-de-ifachcalpe","status":"inherit","type":"attachment","link":"https:\/\/www.zeus.aegee.org\/magazine\/2013\/12\/03\/alicantesuloff-yellow-sunmarine-vol-ii\/penon-de-ifachcalpe\/","title":{"rendered":"Pe\u00f1\u00f3n de Ifach,Calpe"},"author":40,"comment_status":"closed","ping_status":"open","template":"","meta":{"ngg_post_thumbnail":0},"description":{"rendered":"<p class=\"attachment\"><a href='https:\/\/www.zeus.aegee.org\/magazine\/wp-content\/uploads\/Pe\u00f1\u00f3n-de-IfachCalpe.jpg'><img width=\"300\" height=\"210\" src=\"https:\/\/www.zeus.aegee.org\/magazine\/wp-content\/uploads\/Pe\u00f1\u00f3n-de-IfachCalpe-300x210.jpg\" class=\"attachment-medium size-medium\" alt=\"\" loading=\"lazy\" srcset=\"https:\/\/www.zeus.aegee.org\/magazine\/wp-content\/uploads\/Pe\u00f1\u00f3n-de-IfachCalpe-300x210.jpg 300w, https:\/\/www.zeus.aegee.org\/magazine\/wp-content\/uploads\/Pe\u00f1\u00f3n-de-IfachCalpe.jpg 694w\" sizes=\"(max-width: 300px) 100vw, 300px\" \/><\/a><\/p>\n"},"caption":{"rendered":"<p class=\"excerpt\"> <a href=\"https:\/\/www.zeus.aegee.org\/magazine\/2013\/12\/03\/alicantesuloff-yellow-sunmarine-vol-ii\/penon-de-ifachcalpe\/\">Read more &rarr;<\/a><\/p>\n"},"alt_text":"","media_type":"image","mime_type":"image\/jpeg","media_details":{"width":"694","height":"486","hwstring_small":"height='89' width='128'","file":"Pe\u00f1\u00f3n-de-IfachCalpe.jpg","sizes":{"thumbnail":{"file":"Pe\u00f1\u00f3n-de-IfachCalpe-195x195.jpg","width":"195","height":"195","source_url":"https:\/\/www.zeus.aegee.org\/magazine\/wp-content\/uploads\/Pe\u00f1\u00f3n-de-IfachCalpe-195x195.jpg"},"medium":{"file":"Pe\u00f1\u00f3n-de-IfachCalpe-300x210.jpg","width":"300","height":"210","source_url":"https:\/\/www.zeus.aegee.org\/magazine\/wp-content\/uploads\/Pe\u00f1\u00f3n-de-IfachCalpe-300x210.jpg"},"yarpp-thumbnail":{"file":"Pe\u00f1\u00f3n-de-IfachCalpe-120x120.jpg","width":"120","height":"120","source_url":"https:\/\/www.zeus.aegee.org\/magazine\/wp-content\/uploads\/Pe\u00f1\u00f3n-de-IfachCalpe-120x120.jpg"},"full":{"file":"Pe\u00f1\u00f3n-de-IfachCalpe.jpg","width":694,"height":486,"mime_type":"image\/jpeg","source_url":"https:\/\/www.zeus.aegee.org\/magazine\/wp-content\/uploads\/Pe\u00f1\u00f3n-de-IfachCalpe.jpg"}},"image_meta":{"aperture":"0","credit":"","camera":"","caption":"","created_timestamp":"0","copyright":"","focal_length":"0","iso":"0","shutter_speed":"0","title":""}},"post":19360,"source_url":"https:\/\/www.zeus.aegee.org\/magazine\/wp-content\/uploads\/Pe\u00f1\u00f3n-de-IfachCalpe.jpg","_links":{"self":[{"href":"https:\/\/www.zeus.aegee.org\/magazine\/wp-json\/wp\/v2\/media\/19364"}],"collection":[{"href":"https:\/\/www.zeus.aegee.org\/magazine\/wp-json\/wp\/v2\/media"}],"about":[{"href":"https:\/\/www.zeus.aegee.org\/magazine\/wp-json\/wp\/v2\/types\/attachment"}],"author":[{"embeddable":true,"href":"https:\/\/www.zeus.aegee.org\/magazine\/wp-json\/wp\/v2\/users\/40"}],"replies":[{"embeddable":true,"href":"https:\/\/www.zeus.aegee.org\/magazine\/wp-json\/wp\/v2\/comments?post=19364"}]}}

http://www.zeus.aegee.org/magazine/wp-content/uploads/Peñón-de-IfachCalpe.jpg

Peñón de Ifach,Calpe

<p class="attachment"><a href='https://www.zeus.aegee.org/magazine/wp-content/uploads/Peñón-de-IfachCalpe.jpg'><img width="300" height="210" src="https://www.zeus.aegee.org/magazine/wp-content/uploads/Peñón-de-IfachCalpe-300x210.jpg" class="attachment-medium size-medium" alt="" loading="lazy" srcset="https://www.zeus.aegee.org/magazine/wp-content/uploads/Peñón-de-IfachCalpe-300x210.jpg 300w, https://www.zeus.aegee.org/magazine/wp-content/uploads/Peñón-de-IfachCalpe.jpg 694w" sizes="(max-width: 300px) 100vw, 300px" /></a></p>

Peñón-de-IfachCalpe.jpg

Peñón-de-IfachCalpe-195x195.jpg

https://www.zeus.aegee.org/magazine/wp-content/uploads/Peñón-de-IfachCalpe-195x195.jpg

Peñón-de-IfachCalpe-300x210.jpg

https://www.zeus.aegee.org/magazine/wp-content/uploads/Peñón-de-IfachCalpe-300x210.jpg

Peñón-de-IfachCalpe-120x120.jpg

https://www.zeus.aegee.org/magazine/wp-content/uploads/Peñón-de-IfachCalpe-120x120.jpg

https://www.zeus.aegee.org/magazine/wp-content/uploads/Peñón-de-IfachCalpe.jpg
